{"id":336,"date":"2025-02-20T11:41:18","date_gmt":"2025-02-20T10:41:18","guid":{"rendered":"https:\/\/www.asfalt102.fr\/?page_id=336"},"modified":"2025-02-20T11:41:26","modified_gmt":"2025-02-20T10:41:26","slug":"textes-reglementaires","status":"publish","type":"page","link":"https:\/\/www.asfalt102.fr\/index.php\/textes-reglementaires\/","title":{"rendered":"Textes r\u00e9glementaires"},"content":{"rendered":"\n<p class=\"has-foreground-color has-text-color has-link-color wp-elements-94824b1a8636b727105857c0f0fb5559\"><a href=\"https:\/\/www.google.com\/url?sa=t&amp;source=web&amp;rct=j&amp;opi=89978449&amp;url=https:\/\/www.legifrance.gouv.fr\/jorf\/id\/JORFTEXT000034637164&amp;ved=2ahUKEwjU0f64htKLAxVs-QIHHUnyF9AQFnoECAoQAQ&amp;usg=AOvVaw30_IrpohgafvXzKu7wyXmR\" target=\"_blank\" rel=\"noopener\" title=\"D\u00e9cret 2017-899\"><strong>D\u00e9cret 2017-899<\/strong><\/a><\/p>\n\n\n\n<p><em>relatif au rep\u00e9rage de l&rsquo;amiante avant certaines op\u00e9rations<\/em><\/p>\n\n\n\n<p class=\"has-foreground-color has-text-color has-link-color wp-elements-c070cd8ed7448eb97074887b0f95ae43\"><a href=\"https:\/\/www.google.com\/url?sa=t&amp;source=web&amp;rct=j&amp;opi=89978449&amp;url=https:\/\/www.legifrance.gouv.fr\/jorf\/id\/JORFTEXT000049834826&amp;ved=2ahUKEwi0huTNhtKLAxXi8QIHHcMJAioQFnoECBYQAQ&amp;usg=AOvVaw2n7q_OxDbVROPIsTBzzC5_\" target=\"_blank\" rel=\"noopener\" title=\"Arr\u00eat\u00e9 du 4 juin 2024\"><strong>Arr\u00eat\u00e9 du 4 juin 2024<\/strong><\/a><\/p>\n\n\n\n<p><em>relatif au rep\u00e9rage de l&rsquo;amiante avant certaines op\u00e9rations r\u00e9alis\u00e9es dans les immeubles autres que b\u00e2tis tels que les ouvrages de g\u00e9nie civil, infrastructures de transport ou r\u00e9seaux divers<\/em><\/p>\n\n\n\n<p class=\"has-foreground-color has-text-color has-link-color wp-elements-73b0472928607ff021043d4ae1b229ba\"><a href=\"https:\/\/www.google.com\/url?sa=t&amp;source=web&amp;rct=j&amp;opi=89978449&amp;url=https:\/\/www.legifrance.gouv.fr\/loda\/id\/JORFTEXT000039242655\/&amp;ved=2ahUKEwiqurrfhtKLAxUx6wIHHS0lAIYQFnoECBUQAQ&amp;usg=AOvVaw3pPlhyR5wTmIgXzsdfZEbw\" target=\"_blank\" rel=\"noopener\" title=\"\"><strong>Arr\u00eat\u00e9 du 1er octobre 2019<\/strong><\/a><\/p>\n\n\n\n<p><em>relatif aux modalit\u00e9s de r\u00e9alisation des analyses de mat\u00e9riaux et produits susceptibles de contenir de l&rsquo;amiante, aux conditions de comp\u00e9tences du personnel et d&rsquo;accr\u00e9ditation des organismes proc\u00e9dant \u00e0 ces analyses<\/em><\/p>\n\n\n\n<p><a href=\"https:\/\/www.google.com\/url?sa=t&amp;source=web&amp;rct=j&amp;opi=89978449&amp;url=https:\/\/travail-emploi.gouv.fr\/sites\/travail-emploi\/files\/files-spip\/pdf\/qr_amiante_analyse_materiaux_et_produits_16062021.pdf&amp;ved=2ahUKEwid8-H3htKLAxWFzQIHHa3VO_4QFnoECBcQAQ&amp;usg=AOvVaw0IzQc0AmdtofVy77qTbTtL\" title=\"\"><strong>Q\/R de la DGT du 16 juin 2021<\/strong><\/a><\/p>\n\n\n\n<p><em>Analyse des mat\u00e9riaux et des produits susceptibles de contenir de l&rsquo;amiante<\/em><\/p>\n\n\n\n<p class=\"has-foreground-color has-text-color has-link-color wp-elements-900dd6f5316ecb39a77f928bc66e27ce\"><strong><a href=\"https:\/\/www.boutique.afnor.org\/Store\/Preview\/DisplayCompleteMandatoryApplicationNF?ProductID=261225&amp;VersionID=6&amp;Culture=fr-FR\" target=\"_blank\" rel=\"noopener\" title=\"\">norme NFX46-102 de novembre 2020<\/a> (consultation gratuite)<\/strong><\/p>\n\n\n\n<p><em>Rep\u00e9rage amiante &#8211; Rep\u00e9rage des mat\u00e9riaux et produits contenant de l&rsquo;amiante dans les ouvrages de g\u00e9nie civil, infrastructures de transport et r\u00e9seaux divers &#8211; Mission et m\u00e9thodologie<\/em><\/p>\n\n\n\n<p><\/p>\n","protected":false},"excerpt":{"rendered":"<p>D\u00e9cret 2017-899 relatif au rep\u00e9rage de l&rsquo;amiante avant certaines op\u00e9rations Arr\u00eat\u00e9 du 4 juin 2024 relatif au rep\u00e9rage de l&rsquo;amiante avant certaines op\u00e9rations r\u00e9alis\u00e9es dans les immeubles autres que b\u00e2tis tels que les ouvrages de g\u00e9nie civil, infrastructures de transport ou r\u00e9seaux divers Arr\u00eat\u00e9 du 1er octobre 2019 relatif aux modalit\u00e9s de r\u00e9alisation des analyses [&hellip;]<\/p>\n","protected":false},"author":1,"featured_media":0,"parent":0,"menu_order":0,"comment_status":"closed","ping_status":"closed","template":"","meta":{"om_disable_all_campaigns":false,"_monsterinsights_skip_tracking":false,"_monsterinsights_sitenote_active":false,"_monsterinsights_sitenote_note":"","_monsterinsights_sitenote_category":0,"_uf_show_specific_survey":0,"_uf_disable_surveys":false,"footnotes":""},"class_list":["post-336","page","type-page","status-publish","hentry"],"aioseo_notices":[],"_links":{"self":[{"href":"https:\/\/www.asfalt102.fr\/index.php\/wp-json\/wp\/v2\/pages\/336","targetHints":{"allow":["GET"]}}],"collection":[{"href":"https:\/\/www.asfalt102.fr\/index.php\/wp-json\/wp\/v2\/pages"}],"about":[{"href":"https:\/\/www.asfalt102.fr\/index.php\/wp-json\/wp\/v2\/types\/page"}],"author":[{"embeddable":true,"href":"https:\/\/www.asfalt102.fr\/index.php\/wp-json\/wp\/v2\/users\/1"}],"replies":[{"embeddable":true,"href":"https:\/\/www.asfalt102.fr\/index.php\/wp-json\/wp\/v2\/comments?post=336"}],"version-history":[{"count":2,"href":"https:\/\/www.asfalt102.fr\/index.php\/wp-json\/wp\/v2\/pages\/336\/revisions"}],"predecessor-version":[{"id":339,"href":"https:\/\/www.asfalt102.fr\/index.php\/wp-json\/wp\/v2\/pages\/336\/revisions\/339"}],"wp:attachment":[{"href":"https:\/\/www.asfalt102.fr\/index.php\/wp-json\/wp\/v2\/media?parent=336"}],"curies":[{"name":"wp","href":"https:\/\/api.w.org\/{rel}","templated":true}]}}