{"id":259,"date":"2025-02-08T19:41:08","date_gmt":"2025-02-08T18:41:08","guid":{"rendered":"https:\/\/www.asfalt102.fr\/?page_id=259"},"modified":"2025-02-08T19:44:21","modified_gmt":"2025-02-08T18:44:21","slug":"obligations-de-signalisation-lumineuse-pour-les-vehicules-de-chantier","status":"publish","type":"page","link":"https:\/\/www.asfalt102.fr\/index.php\/obligations-de-signalisation-lumineuse-pour-les-vehicules-de-chantier\/","title":{"rendered":"Obligations de signalisation lumineuse pour les v\u00e9hicules de chantier"},"content":{"rendered":"\n<p><strong>Les v\u00e9hicules concern\u00e9s par cette r\u00e9glementation sont :<\/strong> <\/p>\n\n\n\n<ul class=\"wp-block-list\">\n<li><strong>les v\u00e9hicules d&rsquo;intervention et de travaux, \u00e0 l&rsquo;arr\u00eat ou en progression lente<\/strong> sur une chauss\u00e9e ouverte \u00e0 la circulation publique ou sur une bande d&rsquo;arr\u00eat d&rsquo;urgence,<\/li>\n\n\n\n<li><strong>les v\u00e9hicules l\u00e9gers banalis\u00e9s<\/strong>, non affect\u00e9s \u00e0 des missions d&rsquo;intervention, de travaux ou de signalisation, mais qui peuvent \u00eatre amen\u00e9s, par n\u00e9cessit\u00e9 de service, \u00e0 s&rsquo;arr\u00eater en cas d&rsquo;urgence sur la bande d&rsquo;arr\u00eat d&rsquo;urgence ou \u00e0 p\u00e9n\u00e9trer dans une zone de travaux.<\/li>\n<\/ul>\n\n\n\n<p><strong>Quelles sont les signalisations lumineuses pour les v\u00e9hicules ?<\/strong><\/p>\n\n\n\n<p>Selon l&rsquo;arr\u00eat\u00e9 du 16 novembre 1998, les v\u00e9hicules doivent \u00eatre \u00e9quip\u00e9s :<\/p>\n\n\n\n<ul class=\"wp-block-list\">\n<li>d&rsquo;au moins un feu sp\u00e9cial : feu tournant (<strong>gyrophare<\/strong>), feu \u00e0 d\u00e9charge ou feu clignotant,<\/li>\n\n\n\n<li>d&rsquo;un <strong>panneau lumineux AK5 dot\u00e9 de 3 feux de balisage<\/strong> et d&rsquo;alerte type R2 synchronis\u00e9s, <strong>visible de l&rsquo;avant et de l&rsquo;arri\u00e8re du v\u00e9hicule<\/strong>.<\/li>\n\n\n\n<li>Pour les v\u00e9hicules l\u00e9gers, la <strong>dimension du panneau AK5 est normalement de 500 mm<\/strong> ou 700 mm de c\u00f4t\u00e9.<\/li>\n<\/ul>\n\n\n\n<p><strong>Quelles sont les bandes de signalisation adh\u00e9sives pour les v\u00e9hicules ?<\/strong><\/p>\n\n\n\n<p>Selon l&rsquo;arr\u00eat\u00e9 du 7 avril 2006 modifiant l&rsquo;arr\u00eat\u00e9 du 20 janvier 1987, tous les v\u00e9hicules doivent \u00eatre \u00e9quip\u00e9s :<\/p>\n\n\n\n<ul class=\"wp-block-list\">\n<li><strong>sur chaque c\u00f4t\u00e9<\/strong>, d&rsquo;une bande de signalisation horizontale rouge et blanche d&rsquo;une surface totale au moins \u00e9gale \u00e0 0,16 m\u00b2,<\/li>\n\n\n\n<li>Les hachures de la bande adh\u00e9sive sont toujours orient\u00e9es vers l&rsquo;arri\u00e8re du v\u00e9hicule.<\/li>\n\n\n\n<li><strong>\u00e0 l&rsquo;avant<\/strong>, de 2 bandes de signalisation horizontales rouges et blanches d&rsquo;une surface totale au moins \u00e9gale \u00e0 0,16 m\u00b2,<\/li>\n\n\n\n<li>Les hachures de la bande adh\u00e9sive sont toujours orient\u00e9es vers l&rsquo;ext\u00e9rieur du v\u00e9hicule, de part et d&rsquo;autre de l&rsquo;axe central.<\/li>\n\n\n\n<li><strong>\u00e0 l&rsquo;arri\u00e8re<\/strong>, de 2 bandes de signalisation verticales rouges et blanches et de 2 bandes de signalisation horizontales rouges et blanches d&rsquo;une surface au moins \u00e9gale \u00e0 0,32 m\u00b2.<\/li>\n<\/ul>\n\n\n\n<p>Les bandes adh\u00e9sives doivent \u00eatre r\u00e9tror\u00e9fl\u00e9chissantes.<br>Le num\u00e9ro d&rsquo;homologation TPESC doit apparaitre sur chaque hachure blanche.<\/p>\n\n\n\n<p>Les bandes r\u00e9tror\u00e9fl\u00e9chissantes classe A (ou classe 1) sont visibles \u00e0 80 m\u00e8tres (minimum r\u00e9glementaire).<br>Elle sont utilis\u00e9es en milieu urbain et sur le r\u00e9seau r\u00e9seau routier o\u00f9 la vitesse est inf\u00e9rieure \u00e0 90 km\/h.<\/p>\n\n\n\n<p><strong>Les bandes r\u00e9tror\u00e9fl\u00e9chissantes classe B (ou classe 2) sont visibles \u00e0 250 m\u00e8tres.<br>Elles sont utilis\u00e9es sur le r\u00e9seau routier o\u00f9 la vitesse est sup\u00e9rieure ou \u00e9gale \u00e0 90 km\/h.<\/strong><\/p>\n","protected":false},"excerpt":{"rendered":"<p>Les v\u00e9hicules concern\u00e9s par cette r\u00e9glementation sont : Quelles sont les signalisations lumineuses pour les v\u00e9hicules ? Selon l&rsquo;arr\u00eat\u00e9 du 16 novembre 1998, les v\u00e9hicules doivent \u00eatre \u00e9quip\u00e9s : Quelles sont les bandes de signalisation adh\u00e9sives pour les v\u00e9hicules ? Selon l&rsquo;arr\u00eat\u00e9 du 7 avril 2006 modifiant l&rsquo;arr\u00eat\u00e9 du 20 janvier 1987, tous les v\u00e9hicules [&hellip;]<\/p>\n","protected":false},"author":1,"featured_media":0,"parent":0,"menu_order":0,"comment_status":"closed","ping_status":"closed","template":"","meta":{"om_disable_all_campaigns":false,"_monsterinsights_skip_tracking":false,"_monsterinsights_sitenote_active":false,"_monsterinsights_sitenote_note":"","_monsterinsights_sitenote_category":0,"_uf_show_specific_survey":0,"_uf_disable_surveys":false,"footnotes":""},"class_list":["post-259","page","type-page","status-publish","hentry"],"aioseo_notices":[],"_links":{"self":[{"href":"https:\/\/www.asfalt102.fr\/index.php\/wp-json\/wp\/v2\/pages\/259","targetHints":{"allow":["GET"]}}],"collection":[{"href":"https:\/\/www.asfalt102.fr\/index.php\/wp-json\/wp\/v2\/pages"}],"about":[{"href":"https:\/\/www.asfalt102.fr\/index.php\/wp-json\/wp\/v2\/types\/page"}],"author":[{"embeddable":true,"href":"https:\/\/www.asfalt102.fr\/index.php\/wp-json\/wp\/v2\/users\/1"}],"replies":[{"embeddable":true,"href":"https:\/\/www.asfalt102.fr\/index.php\/wp-json\/wp\/v2\/comments?post=259"}],"version-history":[{"count":3,"href":"https:\/\/www.asfalt102.fr\/index.php\/wp-json\/wp\/v2\/pages\/259\/revisions"}],"predecessor-version":[{"id":264,"href":"https:\/\/www.asfalt102.fr\/index.php\/wp-json\/wp\/v2\/pages\/259\/revisions\/264"}],"wp:attachment":[{"href":"https:\/\/www.asfalt102.fr\/index.php\/wp-json\/wp\/v2\/media?parent=259"}],"curies":[{"name":"wp","href":"https:\/\/api.w.org\/{rel}","templated":true}]}}